1) + -2).
-2
3 + (4 - 4) - 8
-5
Calculate (-5 + 2 - -1 - -3) + 3.
4
What is the value of -4 - 1 - -4 - (-1 - -1)?
-1
Calculate -2 - (0 - 2 - (5 + -4)).
1
What is (-6 - -7) + 0 + -3?
-2
(-8 - -8) + (-2 - -5)
3
What is the value of 31 - 20 - (0 + 8)?
3
Calculate 0 + -4 + 4 + (0 - -3).
3
Calculate 4 + (-10 - (1 - (-1 - -2))).
-6
Calculate 8 + -9 + (3 - 2).
0
Calculate -18 - (9 + -21 + 4).
-10
-62 - -69 - (-1 + 6)
2
Calculate 5 + (0 + -2 - 2) + -3.
-2
What is 3 - (-3 - -11) - 0 - -3?
-2
-7 + 1 - (5 - 4 - 6)
-1
1 + 2 - (0 + 8)
-5
4 + -2 + 3 + (-1 - -1)
5
What is the value of 0 - (8 + -1 - 3)?
-4
Calculate (-38 - -42) + (-3 + 3 - 4).
0
Calculate 0 + -5 + (-16 - -5) - -8.
-8
What is 0 + 4 + -4 + 1 + 4?
5
2 + (-1 - -3 - 3) + -4
-3
1 - (-4 - (-7 + 2))
0
What is -1 - (-2 - ((6 - 4) + -4))?
-1
(0 - -10) + 0 + (63 - 70)
3
Calculate -2 - (-3 + (4 - -2)).
-5
What is the value of 5 + (4 - 1 - 9) - -3?
2
What is 8 + (-1 - 15) + 3?
-5
What is -4 - (-7 + (8 + -3 - 7))?
5
Evaluate -3 + -7 + (3 - -2).
-5
What is the value of (0 - 2) + -4 + 1?
-5
Calculate (6 - (-3 - -10)) + 0 + 2.
1
What is -9 + -7 + 6 - (0 + -6)?
-4
-1 - (-6 + (4 - -2))
-1
0 + (-7 - (-3 + -2))
-2
Calculate 3 + 0 - (12 + -7 + -9).
7
Calculate 84 + -80 + 6 + 0.
10
Calculate 2 + -1 - (2 + 11 + -16).
4
What is 1 + (1 - -3) + 0?
5
Calculate (-3 - -3) + (0 - 5).
-5
Calculate -1 + -4 + 3 + (-2 - -9).
5
What is 2 + -5 - (3 - 4)?
-2
What is the value of 0 - ((-1 + -1 - -5) + 0)?
-3
Calculate 4 + -1 - (-13 + (29 - 13)).
0
What is the value of (1 - 0) + 0 + 1?
2
Evaluate -8 + (3 - -8) + (0 - 1).
2
Evaluate 1 + (-3 - -6) - 5.
-1
Evaluate -17 + 8 + 1 + 9.
1
(4 - 6) + -1 - 2
-5
What is (3 - 1) + (11 - 10) + 2?
5
(-8 + -4 - -6) + (0 - -2)
-4
What is the value of 83 - 100 - (-11 + -1)?
-5
Calculate -5 - ((1 - 1) + -4).
-1
Calculate (-14 - -15) + 0 + -2 + -1.
-2
(-6 - (-18 - -3)) + (-1 - 1)
7
What is (-11 + 2 - -5) + -2?
-6
(3 - 1) + -1 + (4 - 1)
4
Calculate 1 - 7 - (-19 + 8).
5
What is -2 + 8 - ((-1 - 1) + 4)?
4
Calculate (-11 - 1) + (-3 - -9).
-6
-8 + 0 + (7 - (1 + 2))
-4
1 + 1 + 1 + -1 - 0
2
Calculate (-3 - 1) + (-3 - -13).
6
What is -5 - -1 - (-1 + 0)?
-3
What is the value of 10 - (-1 - -1 - (-17 - -14))?
7
What is (0 - -3) + -3 + -2 - -3?
1
Evaluate -4 - (-2 + 0 + 0 - -4).
-6
Calculate 9 + (4 + -7 - 1) + -6.
-1
What is the value of -1 - 3 - -1 - -5 - -2?
4
Calculate 6 - (5 - (9 + -3 + -4)).
3
20 + -21 - ((3 - 0) + -3)
-1
What is 5 + -9 + -3 + 3?
-4
Evaluate -8 + (-3 - -11 - 4).
-4
-11 + 6 + 4 + -1
-2
Evaluate 2 + -5 + 6 + -12 + 6.
-3
Calculate -5 - (10 - 6 - -2) - -5.
-6
-1 - 0 - (4 + -1 + 0)
-4
Calculate -3 + 2 + 4 + -3.
0
Calculate 6 + (-5 - -1 - 3) - 6.
-7
Evaluate 4 - (-1 - (-3 + 1)).
3
Calculate 14 - (12 - -2 - 11).
11
Evaluate -15 + (-9 - (-9 + -9)).
-6
Evaluate (5 - 12) + (6 - 2) - -2.
-1
1 + -4 + (7 - 5)
-1
What is 3 + (1 + -9 - (23 + -24))?
-4
Calculate 1 - 4 - (33 - 39).
3
Calculate -5 + -7 + 9 + (2 - 2).
-3
What is 13 + 9 + -19 - (0 + 1)?
2
-6 - (-1 + 1 + -1 + -6)
1
(-7 - -9) + (-4 - 0) + 1
-1
What is the value of 0 - -1 - (13 + (-15 - 0))?
3
What is 4 - (6 - 1) - -3?
2
What is the value of -8 + 18 - 12 - -1?
-1
(0 - -7) + (-1 - 3)
3
What is the value of -1 - ((-1 - 3) + 2 + -2)?
3
3 - ((3 - 2) + 7 + -3)
-2
-4 - (-34 - -27 - (1 + -7))
-3
What is 4 + -3 - 4 - (-10 - -5)?
2
Calculate -4 + 9 - (1 + 0).
4
-6 + (-2 - -1 - -3 - -1)
-3
What is (-6 - 0) + (-29 - -35)?
0
What is the value of (0 - 0) + -2 + -1 + 8?
5
Calculate (8 - -2) + -13 + 1 + 7.
5
What is the value of -4 - (5 + (-6 - 1))?
-2
What is the value of -7 + 1 - -4 - (-6 - 0)?
4
What is 10 + (-1 - (5 - (12 + -6)))?
10
Calculate -3 - -6 - (3 - -6) - -7.
1
Evaluate (-2 + (7 - 1) - 1) + 1.
4
6 - 2 - (1 - -3)
0
Calculate (-24 - -24) + -1 + 0.
-1
-3 + (-8 - -8) - 1
-4
Evaluate (-6 - -4) + (0 - 6) - -5.
-3
Evaluate -4 + 1 + (3 - (-1 + 4)).
-3
Calculate -13 + 8 + 1 + 1 - 2.
-5
Evaluate 12 + -12 + (-1 - -1).
0
What is the value of 0 + (-9 - -2) + 0 - -5?
-2
Evaluate 27 - 29 - (-4 - 1).
3
What is -4 + (-1 - 1) + (12 - 10)?
-4
0 + 1 - (5 - (3 - 3))
-4
What is the value of 0 - 5 - (1 + -9) - 7?
-4
What is the value of 7 - (6 - (-9 - -13))?
5
Calculate 1 + -3 + (5 - 0) + -6.
-3
Evaluate 2 + -1 - (12 - (2 + 6)).
-3
Evaluate (1 - 6) + (-2 - (-6 + 4)).
-5
Calculate (-17 - -23) + -5 + 1.
2
Evaluate 0 + -13 - -6 - -17.
10
Calculate 6 + 8 + -8 - (3 + -4).
7
Calculate 11 - (11 - -7) - -2.
-5
What is the value of (4 - 1) + -8 - (-3 + 1)?
-3
Calculate 1 + -3 - (5 + (-17 - -8)).
2
(-1 - -7) + 4 + -5
5
0 + (-6 - (-7 + 1))
0
Evaluate 0 - 2 - (21 - 19).
-4
Calculate (-1 - -13) + (-165 - -145).
-8
0 - (-4 - (0 - (4 - 5)))
5
What is the value of 4 + -3 + (1 - 1) - -5?
6
Evaluate -7 + 6 + -2 + (1 - 2).
-4
What is the value of 4 - ((14 - 5) + -5)?
0
What is -1 + -2 + 4 - (0 - -3)?
-2
What is the value of (-4 - 1) + (18 - 6)?
7
What is the value of 4 - 4 - (0 - -1 - 2)?
1
Evaluate -5 - -9 - (2 - (-3 - 2)).
-3
(-6 - 1) + -1 + 1
-7
(6 - -2) + 31 + -36
3
What is the value of 3 + -8 - (1 + -4)?
-2
Calculate (1 - -4) + (-2 - -3).
6
(1 - 5) + 3 + 3 + -6
-4
What is the value of (-4 - -1) + 14 + -15?
-4
Calculate 3 - ((7 - 1) + -4) - -4.
5
Evaluate 14 - 13 - (-1 - 3).
5
Evaluate -4 - (-3 - (-5 + 5)).
-1
(-3 - -4 - 1) + 3
3
What is the value of (0 - 1) + 6 + -8?
-3
Calculate 8 + (-7 - -14) + -17.
-2
Evaluate (-2 - -1) + -6 + 8 - 4.
-3
What is 9 + -1 - (-35 + 40)?
3
Evaluate (-4 - 0) + (3 - 6).
-7
Calculate -1 + -10 - (16 - 21).
-6
Evaluate 0 - -3 - (2 - -3).
-2
(9 - 8) + 2 + -1 + 0
2
Evaluate 4 - ((5 - 1) + -4).
4
Evaluate (-9 + 5 - 1) + 4.
-1
Evaluate (0 - 1) + 1 + (13 - 14).
-1
Evaluate -2 - -5 - (-2 + 1).
4
What is the value of -5 + 1 + 4 + -5?
-5
What is -16 + -5 - -8 - (1 + -6)?
-8
Calculate 3 + -5 - (6 - 12).
4
Evaluate (-8 - (-1 - 4)) + (-1 - 1).
-5
What is 2 + -3 + (3 - (-3 - -4))?
1
What is the value of -2 + (3 - (1 - 1))?
1
Evaluate 1 + (-3 - 3) + 11.
6
Calculate -2 + -2 + 6 - (0 + 5).
-3
What is (-3 - 0) + 10 + -4 + 0?
3
What is -3 + 2 + (-4 - -5)?
0
What is 0 + 3 - (-1 + 5)?
-1
Calculate 8 - (1 + 4 - -7).
-4
Evaluate 0 + 3 - (1 + (-4 - -10)).
-4
Calculate -10 + 10 + -7 - -12.
5
What is the value of -2 - (0 - (4 - (-3 - -4)))?
1
Calculate (-3 + 5 - 1) + -7 + 4.
-2
(64 - 58) + (1 - 8)
-1
Evaluate -9 + 13 + (5 - 4).
5
What is the value of -4 + -5 + 1 + (13 - 8)?
-3
What is (26 - 24) + -1 + (-1 - 1)?
-1
Evaluate -6 - ((3 - 6) + 0).
-3
Calculate (-11 - 3) + 12 + (-2 - -6).
2
What is the value of 2 + -2 - (0 + -4 - -6)?
-2
What is the value of 5 + -4 + 0 + -3 + 6?
4
Evaluate -2 - (7 + (6 - 8)).
-7
What is the value of (6 + -4 - 5) + -3?
-6
What is 13 + -9 + -4 + 5?
5
Evaluate -3 + (2 - -1 - (5 - 4)).
-1
Calculate (-14 - -20) + -6 + 1.
1
What is 81 + -94 + -1 + 23?
9
Calculate 6 + -1 - (-10 - (11 - 22)).
4
Calculate -1 + -11 - (33 + -40).
-5
Calculate -9 + -2 + -3 + 7.
-7
What is (0 - -1 - 1) + -48 + 54?
6
Evaluate -8 + (-29 - -24) + 3 + 1.
-9
-4 + 7 + -2 + -3
-2
Calculate 8 - (10 + -10 + 10).
-2
4 - ((1 - -1) + 2)
0
What is the value of -2 + -1 - (4 + 9 + -19)?
3
What is the value of (-4 - -7 - -4) + -3 + -5?
-1
Evaluate (-2 - 4) + -12 + -1 + 19.
0
What is -4 + (5 - (-1 - -1)) - 4?
-3
Calculate (-11 - -8) + -5 + 3.
-5
Evaluate (-6 - (-7 - -10)) + -2.
-11
Evaluate 6 - (6 + (-16 - -10)).
6
What is 0 + -5 + -1 + 14 + -10?
-2
Evaluate (-13 - (-6 - 2)) + 5.
0
What is the value of (0 - (0 - 1)) + (-1 - 2)?
-2
What is the value of 9 - (9 - (3 - 0))?
3
What is -13 + 11 + -2 + 1?
-3
What is the value of 0 - (5 + (-2 - 1) + -3)?
1
Calculate 1 + 2 - (8 - 3 - 11).
9
Calculate -82 - -84 - (0 + (-1 - 3)).
6
4 - 7 - -1 - (-7 + 0)
5
(7 + 2 - 4) + -2
3
Calculate -1 + (-1 - (-6 + -3) - 2).
5
What is -15 - (10 + -8 + -8)?
-9
What is the value of -2 - -10 - (-2 - -4) - 1?
5
Evaluate 24 + -16 + (2 - 13).
-3
Calculate 0 - 3 - -12 - 4.
5
Calculate (-6 - -7) + (0 - (0 + -3)).
4
Evaluate 5 - (10 - (6 - 1)).
0
What is -23 + 12 + -5 - -8?
-8
Evaluate 3 + (-3 + -2 - -5) - 5.
-2
Calculate (7 - 6) + (2 - (-2 - 0)).
5
Calculate 4 + -3 + (5 - 7).
-1
Evaluate 7 + 3 + -2 + -8 + 4.
4
Evaluate 0 + (8 - 19) - -7.
-4
Evaluate (4 - 1) + (6 + 1 - 8).
2
Calculate 0 + 0 + -3 + 0.
-3
What is the value of 3 + 5 + -5 + (2 - 2)?
3
Evaluate 5 + (6 + 0 - (71 - 53)).
-7
(-9 - (-25 - -23)) + -1 + 3
-5
2 + -3 + 4 + -1
2